{"id":11,"date":"2022-10-14T18:51:43","date_gmt":"2022-10-14T18:51:43","guid":{"rendered":"https:\/\/harmoniris.fr\/?page_id=11"},"modified":"2025-10-22T13:10:36","modified_gmt":"2025-10-22T13:10:36","slug":"qui-suis-je","status":"publish","type":"page","link":"https:\/\/harmoniris.fr\/?page_id=11","title":{"rendered":"Qui suis-je ?"},"content":{"rendered":"\t\t<div data-elementor-type=\"wp-page\" data-elementor-id=\"11\" class=\"elementor elementor-11\">\n\t\t\t\t\t\t<section class=\"elementor-section elementor-top-section elementor-element elementor-element-1036c49 elementor-section-boxed elementor-section-height-default elementor-section-height-default\" data-id=\"1036c49\" data-element_type=\"section\" data-e-type=\"section\">\n\t\t\t\t\t\t<div class=\"elementor-container elementor-column-gap-default\">\n\t\t\t\t\t<div class=\"elementor-column elementor-col-100 elementor-top-column elementor-element elementor-element-7a25ccd\" data-id=\"7a25ccd\" data-element_type=\"column\" data-e-type=\"column\">\n\t\t\t<div class=\"elementor-widget-wrap elementor-element-populated\">\n\t\t\t\t\t\t<div class=\"elementor-element elementor-element-f82f5bc elementor-invisible elementor-widget elementor-widget-heading\" data-id=\"f82f5bc\" data-element_type=\"widget\" data-e-type=\"widget\" data-settings=\"{&quot;_animation&quot;:&quot;fadeIn&quot;}\" data-widget_type=\"heading.default\">\n\t\t\t\t<div class=\"elementor-widget-container\">\n\t\t\t\t\t<h2 class=\"elementor-heading-title elementor-size-medium\">Quelques mots me concernant...<\/h2>\t\t\t\t<\/div>\n\t\t\t\t<\/div>\n\t\t\t\t<div class=\"elementor-element elementor-element-3f2e038 elementor-widget elementor-widget-image\" data-id=\"3f2e038\" data-element_type=\"widget\" data-e-type=\"widget\" data-widget_type=\"image.default\">\n\t\t\t\t<div class=\"elementor-widget-container\">\n\t\t\t\t\t\t\t\t\t\t\t\t\t\t\t<img fetchpriority=\"high\" decoding=\"async\" width=\"462\" height=\"361\" src=\"https:\/\/harmoniris.fr\/wp-content\/uploads\/2023\/02\/Plume-verte.png\" class=\"attachment-large size-large wp-image-3739\" alt=\"\" srcset=\"https:\/\/harmoniris.fr\/wp-content\/uploads\/2023\/02\/Plume-verte.png 462w, https:\/\/harmoniris.fr\/wp-content\/uploads\/2023\/02\/Plume-verte-300x234.png 300w\" sizes=\"(max-width: 462px) 100vw, 462px\" \/>\t\t\t\t\t\t\t\t\t\t\t\t\t\t\t<\/div>\n\t\t\t\t<\/div>\n\t\t\t\t\t<\/div>\n\t\t<\/div>\n\t\t\t\t\t<\/div>\n\t\t<\/section>\n\t\t\t\t<section class=\"elementor-section elementor-top-section elementor-element elementor-element-cec34fc elementor-section-boxed elementor-section-height-default elementor-section-height-default\" data-id=\"cec34fc\" data-element_type=\"section\" data-e-type=\"section\">\n\t\t\t\t\t\t<div class=\"elementor-container elementor-column-gap-default\">\n\t\t\t\t\t<div class=\"elementor-column elementor-col-50 elementor-top-column elementor-element elementor-element-b2b5132\" data-id=\"b2b5132\" data-element_type=\"column\" data-e-type=\"column\">\n\t\t\t<div class=\"elementor-widget-wrap elementor-element-populated\">\n\t\t\t\t\t\t<div class=\"elementor-element elementor-element-2793517 elementor-widget__width-initial elementor-widget elementor-widget-text-editor\" data-id=\"2793517\" data-element_type=\"widget\" data-e-type=\"widget\" data-widget_type=\"text-editor.default\">\n\t\t\t\t<div class=\"elementor-widget-container\">\n\t\t\t\t\t\t\t\t\t<p><span style=\"font-weight: 400; color: #808080;\">Je m\u2019appelle Marjorie Picault.<\/span><\/p>\n<p><span style=\"font-weight: 400; color: #808080;\">J&rsquo;exerce dans le tertiaire depuis 20 ans.<\/span><\/p>\n<p><span style=\"font-size: 16px; background-color: transparent; color: #808080;\">A 30 ans, je deviens maman d\u2019une merveilleuse petite fille, et je trouve \u00e0 ce moment-l\u00e0 LE r\u00f4le de ma vie. Je me sens fi\u00e8re et \u00e9panouie, heureuse de partager, de transmettre des valeurs qui me tiennent \u00e0 c\u0153ur \u00e0 mon enfant.<\/span><\/p>\n<p style=\"font-variant-ligatures: normal; font-variant-caps: normal; font-family: Roboto, sans-serif; font-size: 16px; font-style: normal; font-weight: 400;\"><span style=\"font-size: 16px; font-weight: 400; color: #808080;\">En 2020,&nbsp; je d\u00e9couvre le m\u00e9tier de sophrologue, et en 2021, je d\u00e9cide de me reconvertir afin d&rsquo;exercer un m\u00e9tier qui refl\u00e8te ma personnalit\u00e9 et mes valeurs.<\/span><\/p>\n<p style=\"font-variant-ligatures: normal; font-variant-caps: normal; font-family: Roboto, sans-serif; font-size: 16px; font-style: normal; font-weight: 400;\"><span style=\"color: #808080;\">Au fur et \u00e0 mesure de la formation, j&rsquo;ai peaufin\u00e9 mon projet dans le but d&rsquo;accompagner plus particuli\u00e8rement les femmes et de me sp\u00e9cialiser en accompagnement p\u00e9rinatal.<\/span><\/p>\n<p style=\"font-variant-ligatures: normal; font-variant-caps: normal; font-family: Roboto, sans-serif; font-size: 16px; font-style: normal; font-weight: 400;\"><span style=\"color: #808080;\">Afin de proposer un accompagnement plus complet, j&rsquo;ai choisi de m&rsquo;orienter vers le massage bien-\u00eatre, puis le massage femme enceinte, b\u00e9b\u00e9 et post-grossesse.<\/span><\/p>\n<p style=\"font-variant-ligatures: normal; font-variant-caps: normal; font-family: Roboto, sans-serif; font-size: 16px; font-style: normal; font-weight: 400;\"><span style=\"color: #808080;\">Me sentant plus attir\u00e9e vers le \u00ab\u00a0toucher\u00a0\u00bb, j&rsquo;ai poursuivi mes formations avec la r\u00e9flexologie abdominale et les bases de la r\u00e9flexologie plantaire et palmaire.<\/span><\/p>\n<p style=\"font-variant-ligatures: normal; font-variant-caps: normal; font-family: Roboto, sans-serif; font-size: 16px; font-style: normal; font-weight: 400;\"><span style=\"color: #808080; font-family: Roboto, sans-serif; font-size: 16px; font-style: normal; font-variant-ligatures: normal; font-variant-caps: normal; font-weight: 400;\">Prochainement, vous pourrez \u00e9galement d\u00e9couvrir le massage amincissant.<\/span><\/p>\t\t\t\t\t\t\t\t<\/div>\n\t\t\t\t<\/div>\n\t\t\t\t\t<\/div>\n\t\t<\/div>\n\t\t\t\t<div class=\"elementor-column elementor-col-50 elementor-top-column elementor-element elementor-element-93775a6\" data-id=\"93775a6\" data-element_type=\"column\" data-e-type=\"column\">\n\t\t\t<div class=\"elementor-widget-wrap elementor-element-populated\">\n\t\t\t\t\t\t<div class=\"elementor-element elementor-element-e8ee33b elementor-widget elementor-widget-image\" data-id=\"e8ee33b\" data-element_type=\"widget\" data-e-type=\"widget\" data-widget_type=\"image.default\">\n\t\t\t\t<div class=\"elementor-widget-container\">\n\t\t\t\t\t\t\t\t\t\t\t\t\t\t\t<img decoding=\"async\" width=\"169\" height=\"300\" src=\"https:\/\/harmoniris.fr\/wp-content\/uploads\/2025\/10\/1760813082180-169x300.jpg\" class=\"attachment-medium size-medium wp-image-6199\" alt=\"\" srcset=\"https:\/\/harmoniris.fr\/wp-content\/uploads\/2025\/10\/1760813082180-169x300.jpg 169w, https:\/\/harmoniris.fr\/wp-content\/uploads\/2025\/10\/1760813082180-576x1024.jpg 576w, https:\/\/harmoniris.fr\/wp-content\/uploads\/2025\/10\/1760813082180-768x1365.jpg 768w, https:\/\/harmoniris.fr\/wp-content\/uploads\/2025\/10\/1760813082180-864x1536.jpg 864w, https:\/\/harmoniris.fr\/wp-content\/uploads\/2025\/10\/1760813082180.jpg 1080w\" sizes=\"(max-width: 169px) 100vw, 169px\" \/>\t\t\t\t\t\t\t\t\t\t\t\t\t\t\t<\/div>\n\t\t\t\t<\/div>\n\t\t\t\t\t<\/div>\n\t\t<\/div>\n\t\t\t\t\t<\/div>\n\t\t<\/section>\n\t\t\t\t<section class=\"elementor-section elementor-top-section elementor-element elementor-element-e11b771 elementor-section-boxed elementor-section-height-default elementor-section-height-default\" data-id=\"e11b771\" data-element_type=\"section\" data-e-type=\"section\">\n\t\t\t\t\t\t<div class=\"elementor-container elementor-column-gap-default\">\n\t\t\t\t\t<div class=\"elementor-column elementor-col-100 elementor-top-column elementor-element elementor-element-8474a23\" data-id=\"8474a23\" data-element_type=\"column\" data-e-type=\"column\">\n\t\t\t<div class=\"elementor-widget-wrap elementor-element-populated\">\n\t\t\t\t\t\t<div class=\"elementor-element elementor-element-a018b7b elementor-widget elementor-widget-spacer\" data-id=\"a018b7b\" data-element_type=\"widget\" data-e-type=\"widget\" data-widget_type=\"spacer.default\">\n\t\t\t\t<div class=\"elementor-widget-container\">\n\t\t\t\t\t\t\t<div class=\"elementor-spacer\">\n\t\t\t<div class=\"elementor-spacer-inner\"><\/div>\n\t\t<\/div>\n\t\t\t\t\t\t<\/div>\n\t\t\t\t<\/div>\n\t\t\t\t<div class=\"elementor-element elementor-element-5b4ee2e elementor-widget elementor-widget-text-editor\" data-id=\"5b4ee2e\" data-element_type=\"widget\" data-e-type=\"widget\" data-widget_type=\"text-editor.default\">\n\t\t\t\t<div class=\"elementor-widget-container\">\n\t\t\t\t\t\t\t\t\t<p style=\"text-align: center;\">\u00ab\u00a0On ne peut jamais pr\u00e9voir les r\u00e9sultats d&rsquo;une action, mais si vous ne faites rien, il n&rsquo;y aura pas de r\u00e9sultats\u00a0\u00bb Gandhi<\/p>\t\t\t\t\t\t\t\t<\/div>\n\t\t\t\t<\/div>\n\t\t\t\t<div class=\"elementor-element elementor-element-29a4e2e elementor-widget elementor-widget-spacer\" data-id=\"29a4e2e\" data-element_type=\"widget\" data-e-type=\"widget\" data-widget_type=\"spacer.default\">\n\t\t\t\t<div class=\"elementor-widget-container\">\n\t\t\t\t\t\t\t<div class=\"elementor-spacer\">\n\t\t\t<div class=\"elementor-spacer-inner\"><\/div>\n\t\t<\/div>\n\t\t\t\t\t\t<\/div>\n\t\t\t\t<\/div>\n\t\t\t\t<div class=\"elementor-element elementor-element-4e45852 elementor-widget elementor-widget-heading\" data-id=\"4e45852\" data-element_type=\"widget\" data-e-type=\"widget\" data-widget_type=\"heading.default\">\n\t\t\t\t<div class=\"elementor-widget-container\">\n\t\t\t\t\t<h2 class=\"elementor-heading-title elementor-size-default\">Ma formation<\/h2>\t\t\t\t<\/div>\n\t\t\t\t<\/div>\n\t\t\t\t\t<\/div>\n\t\t<\/div>\n\t\t\t\t\t<\/div>\n\t\t<\/section>\n\t\t\t\t<section class=\"elementor-section elementor-top-section elementor-element elementor-element-cdc2dff elementor-section-boxed elementor-section-height-default elementor-section-height-default\" data-id=\"cdc2dff\" data-element_type=\"section\" data-e-type=\"section\">\n\t\t\t\t\t\t<div class=\"elementor-container elementor-column-gap-default\">\n\t\t\t\t\t<div class=\"elementor-column elementor-col-100 elementor-top-column elementor-element elementor-element-f908b8b\" data-id=\"f908b8b\" data-element_type=\"column\" data-e-type=\"column\">\n\t\t\t<div class=\"elementor-widget-wrap elementor-element-populated\">\n\t\t\t\t\t\t<section class=\"elementor-section elementor-inner-section elementor-element elementor-element-d073afb elementor-section-boxed elementor-section-height-default elementor-section-height-default\" data-id=\"d073afb\" data-element_type=\"section\" data-e-type=\"section\">\n\t\t\t\t\t\t<div class=\"elementor-container elementor-column-gap-default\">\n\t\t\t\t\t<div class=\"elementor-column elementor-col-50 elementor-inner-column elementor-element elementor-element-5eb38fe\" data-id=\"5eb38fe\" data-element_type=\"column\" data-e-type=\"column\">\n\t\t\t<div class=\"elementor-widget-wrap elementor-element-populated\">\n\t\t\t\t\t\t<div class=\"elementor-element elementor-element-3674ca9 elementor-widget elementor-widget-text-editor\" data-id=\"3674ca9\" data-element_type=\"widget\" data-e-type=\"widget\" data-widget_type=\"text-editor.default\">\n\t\t\t\t<div class=\"elementor-widget-container\">\n\t\t\t\t\t\t\t\t\t<p><strong><span style=\"text-decoration-line: underline;\">INSTITUT CASSIOP\u00c9E \u00e0 Chatou (78) &#8211; Sp\u00e9cialis\u00e9 en formation aux m\u00e9tiers du bien-\u00eatre<\/span><\/strong>&nbsp; &nbsp; &nbsp; &nbsp; &nbsp; &nbsp; &nbsp; &nbsp; &nbsp; &nbsp; &nbsp; &nbsp; &nbsp; &nbsp; &nbsp; &nbsp; &nbsp; &nbsp;<\/p>\n<p>* Sophrologie-relaxation&nbsp; &nbsp; &nbsp; &nbsp; &nbsp; &nbsp; &nbsp; &nbsp; &nbsp; &nbsp; &nbsp; &nbsp; &nbsp; &nbsp; &nbsp; &nbsp; &nbsp; &nbsp; &nbsp; &nbsp; &nbsp; &nbsp; &nbsp; &nbsp; &nbsp; &nbsp; &nbsp; &nbsp; &nbsp; &nbsp; &nbsp; 2021 \/ 2022<\/p>\n<p>* Massage \u00e9volutif&nbsp; &nbsp; &nbsp; &nbsp; &nbsp; &nbsp; &nbsp; &nbsp; &nbsp; &nbsp; &nbsp; &nbsp; &nbsp; &nbsp; &nbsp; &nbsp; &nbsp; &nbsp; &nbsp; &nbsp; &nbsp; &nbsp; &nbsp; &nbsp; &nbsp; &nbsp; &nbsp; &nbsp; &nbsp; &nbsp; &nbsp; &nbsp; &nbsp; &nbsp; &nbsp; &nbsp; 2022<\/p>\n<p>* Massage femme enceinte, post-grossesse et b\u00e9b\u00e9&nbsp; &nbsp; &nbsp; &nbsp; &nbsp; &nbsp; &nbsp;2023<\/p>\n<p>* R\u00e9flexologie abdominale&nbsp; &nbsp; &nbsp; &nbsp; &nbsp; &nbsp; &nbsp; &nbsp; &nbsp; &nbsp; &nbsp; &nbsp; &nbsp; &nbsp; &nbsp; &nbsp; &nbsp; &nbsp; &nbsp; &nbsp; &nbsp; &nbsp; &nbsp; &nbsp; &nbsp; &nbsp; &nbsp; &nbsp; &nbsp; &nbsp;2025<\/p><p>* Les bases de la r\u00e9flexologie palmaire et plantaire&nbsp; &nbsp; &nbsp; &nbsp; &nbsp; &nbsp; &nbsp; &nbsp; 2025<\/p>\t\t\t\t\t\t\t\t<\/div>\n\t\t\t\t<\/div>\n\t\t\t\t\t<\/div>\n\t\t<\/div>\n\t\t\t\t<div class=\"elementor-column elementor-col-50 elementor-inner-column elementor-element elementor-element-f15f94f\" data-id=\"f15f94f\" data-element_type=\"column\" data-e-type=\"column\">\n\t\t\t<div class=\"elementor-widget-wrap elementor-element-populated\">\n\t\t\t\t\t\t<div class=\"elementor-element elementor-element-ca90a92 elementor-align-center elementor-invisible elementor-widget elementor-widget-button\" data-id=\"ca90a92\" data-element_type=\"widget\" data-e-type=\"widget\" data-settings=\"{&quot;_animation&quot;:&quot;fadeIn&quot;}\" data-widget_type=\"button.default\">\n\t\t\t\t<div class=\"elementor-widget-container\">\n\t\t\t\t\t\t\t\t\t<div class=\"elementor-button-wrapper\">\n\t\t\t\t\t<a class=\"elementor-button elementor-button-link elementor-size-xs elementor-animation-pulse\" href=\"https:\/\/harmoniris.fr\/?page_id=17\">\n\t\t\t\t\t\t<span class=\"elementor-button-content-wrapper\">\n\t\t\t\t\t\t\t\t\t<span class=\"elementor-button-text\">Je souhaite en savoir plus !<\/span>\n\t\t\t\t\t<\/span>\n\t\t\t\t\t<\/a>\n\t\t\t\t<\/div>\n\t\t\t\t\t\t\t\t<\/div>\n\t\t\t\t<\/div>\n\t\t\t\t\t<\/div>\n\t\t<\/div>\n\t\t\t\t\t<\/div>\n\t\t<\/section>\n\t\t\t\t\t<\/div>\n\t\t<\/div>\n\t\t\t\t\t<\/div>\n\t\t<\/section>\n\t\t\t\t<\/div>\n\t\t","protected":false},"excerpt":{"rendered":"<p>Quelques mots me concernant&#8230; Je m\u2019appelle Marjorie Picault. J&rsquo;exerce dans le tertiaire depuis 20 ans. A 30 ans, je deviens maman d\u2019une merveilleuse petite fille, et je trouve \u00e0 ce moment-l\u00e0 LE r\u00f4le de ma vie. Je me sens fi\u00e8re et \u00e9panouie, heureuse de partager, de transmettre des valeurs qui me tiennent \u00e0 c\u0153ur \u00e0 [&hellip;]<\/p>\n","protected":false},"author":1,"featured_media":0,"parent":0,"menu_order":0,"comment_status":"closed","ping_status":"closed","template":"","meta":{"_themeisle_gutenberg_block_has_review":false,"footnotes":""},"class_list":["post-11","page","type-page","status-publish","hentry","entry"],"yoast_head":"<!-- This site is optimized with the Yoast SEO plugin v27.5 - https:\/\/yoast.com\/product\/yoast-seo-wordpress\/ -->\n<title>HARMONIRIS - Marjorie PICAULT - Relaxation - R&eacute;flexologie - Massage<\/title>\n<meta name=\"description\" content=\"Vous \u00eates une femme unique. Je suis praticienne en sophrologie - relaxation et massage au f\u00e9minin. J&#039;accompagne les femmes dans leur chemin de vie et suis sp\u00e9cialis\u00e9e en p\u00e9rinatalit\u00e9.\" \/>\n<meta name=\"robots\" content=\"index, follow, max-snippet:-1, max-image-preview:large, max-video-preview:-1\" \/>\n<link rel=\"canonical\" href=\"https:\/\/harmoniris.fr\/?page_id=11\" \/>\n<meta property=\"og:locale\" content=\"fr_FR\" \/>\n<meta property=\"og:type\" content=\"article\" \/>\n<meta property=\"og:title\" content=\"HARMONIRIS - Marjorie PICAULT - Relaxation - R&eacute;flexologie - Massage\" \/>\n<meta property=\"og:description\" content=\"Vous \u00eates une femme unique. Je suis praticienne en sophrologie - relaxation et massage au f\u00e9minin. J&#039;accompagne les femmes dans leur chemin de vie et suis sp\u00e9cialis\u00e9e en p\u00e9rinatalit\u00e9.\" \/>\n<meta property=\"og:url\" content=\"https:\/\/harmoniris.fr\/?page_id=11\" \/>\n<meta property=\"og:site_name\" content=\"HARMONIRIS - Marjorie PICAULT - Relaxation - R&eacute;flexologie - Massage\" \/>\n<meta property=\"article:modified_time\" content=\"2025-10-22T13:10:36+00:00\" \/>\n<meta property=\"og:image\" content=\"https:\/\/harmoniris.fr\/wp-content\/uploads\/2023\/02\/Plume-verte.png\" \/>\n\t<meta property=\"og:image:width\" content=\"462\" \/>\n\t<meta property=\"og:image:height\" content=\"361\" \/>\n\t<meta property=\"og:image:type\" content=\"image\/png\" \/>\n<meta name=\"twitter:card\" content=\"summary_large_image\" \/>\n<meta name=\"twitter:label1\" content=\"Dur\u00e9e de lecture estim\u00e9e\" \/>\n\t<meta name=\"twitter:data1\" content=\"2 minutes\" \/>\n<script type=\"application\/ld+json\" class=\"yoast-schema-graph\">{\"@context\":\"https:\\\/\\\/schema.org\",\"@graph\":[{\"@type\":\"WebPage\",\"@id\":\"https:\\\/\\\/harmoniris.fr\\\/?page_id=11\",\"url\":\"https:\\\/\\\/harmoniris.fr\\\/?page_id=11\",\"name\":\"HARMONIRIS - Marjorie PICAULT - Relaxation - R&eacute;flexologie - Massage\",\"isPartOf\":{\"@id\":\"https:\\\/\\\/harmoniris.fr\\\/#website\"},\"primaryImageOfPage\":{\"@id\":\"https:\\\/\\\/harmoniris.fr\\\/?page_id=11#primaryimage\"},\"image\":{\"@id\":\"https:\\\/\\\/harmoniris.fr\\\/?page_id=11#primaryimage\"},\"thumbnailUrl\":\"https:\\\/\\\/harmoniris.fr\\\/wp-content\\\/uploads\\\/2023\\\/02\\\/Plume-verte.png\",\"datePublished\":\"2022-10-14T18:51:43+00:00\",\"dateModified\":\"2025-10-22T13:10:36+00:00\",\"description\":\"Vous \u00eates une femme unique. Je suis praticienne en sophrologie - relaxation et massage au f\u00e9minin. J'accompagne les femmes dans leur chemin de vie et suis sp\u00e9cialis\u00e9e en p\u00e9rinatalit\u00e9.\",\"breadcrumb\":{\"@id\":\"https:\\\/\\\/harmoniris.fr\\\/?page_id=11#breadcrumb\"},\"inLanguage\":\"fr-FR\",\"potentialAction\":[{\"@type\":\"ReadAction\",\"target\":[\"https:\\\/\\\/harmoniris.fr\\\/?page_id=11\"]}]},{\"@type\":\"ImageObject\",\"inLanguage\":\"fr-FR\",\"@id\":\"https:\\\/\\\/harmoniris.fr\\\/?page_id=11#primaryimage\",\"url\":\"https:\\\/\\\/harmoniris.fr\\\/wp-content\\\/uploads\\\/2023\\\/02\\\/Plume-verte.png\",\"contentUrl\":\"https:\\\/\\\/harmoniris.fr\\\/wp-content\\\/uploads\\\/2023\\\/02\\\/Plume-verte.png\",\"width\":462,\"height\":361},{\"@type\":\"BreadcrumbList\",\"@id\":\"https:\\\/\\\/harmoniris.fr\\\/?page_id=11#breadcrumb\",\"itemListElement\":[{\"@type\":\"ListItem\",\"position\":1,\"name\":\"Accueil\",\"item\":\"https:\\\/\\\/harmoniris.fr\\\/\"},{\"@type\":\"ListItem\",\"position\":2,\"name\":\"Qui suis-je ?\"}]},{\"@type\":\"WebSite\",\"@id\":\"https:\\\/\\\/harmoniris.fr\\\/#website\",\"url\":\"https:\\\/\\\/harmoniris.fr\\\/\",\"name\":\"HARMONIRIS - Marjorie PICAULT - Relaxation - R&eacute;flexologie - Massage\",\"description\":\"Un soin pens&eacute; pour vous !\",\"publisher\":{\"@id\":\"https:\\\/\\\/harmoniris.fr\\\/#organization\"},\"alternateName\":\"Marjorie PICAULT - HARMON'IRIS - Sophrologie\",\"potentialAction\":[{\"@type\":\"SearchAction\",\"target\":{\"@type\":\"EntryPoint\",\"urlTemplate\":\"https:\\\/\\\/harmoniris.fr\\\/?s={search_term_string}\"},\"query-input\":{\"@type\":\"PropertyValueSpecification\",\"valueRequired\":true,\"valueName\":\"search_term_string\"}}],\"inLanguage\":\"fr-FR\"},{\"@type\":\"Organization\",\"@id\":\"https:\\\/\\\/harmoniris.fr\\\/#organization\",\"name\":\"HARMONIRIS - Marjorie PICAULT - Relaxation - R&eacute;flexologie - Massage\",\"alternateName\":\"Marjorie PICAULT - HARMON'IRIS - Sophrologie\",\"url\":\"https:\\\/\\\/harmoniris.fr\\\/\",\"logo\":{\"@type\":\"ImageObject\",\"inLanguage\":\"fr-FR\",\"@id\":\"https:\\\/\\\/harmoniris.fr\\\/#\\\/schema\\\/logo\\\/image\\\/\",\"url\":\"https:\\\/\\\/harmoniris.fr\\\/wp-content\\\/uploads\\\/2022\\\/10\\\/cropped-cropped-cropped-cropped-Logo-H3V-1.png\",\"contentUrl\":\"https:\\\/\\\/harmoniris.fr\\\/wp-content\\\/uploads\\\/2022\\\/10\\\/cropped-cropped-cropped-cropped-Logo-H3V-1.png\",\"width\":521,\"height\":215,\"caption\":\"HARMONIRIS - Marjorie PICAULT - Relaxation - R&eacute;flexologie - Massage\"},\"image\":{\"@id\":\"https:\\\/\\\/harmoniris.fr\\\/#\\\/schema\\\/logo\\\/image\\\/\"}}]}<\/script>\n<!-- \/ Yoast SEO plugin. -->","yoast_head_json":{"title":"HARMONIRIS - Marjorie PICAULT - Relaxation - R&eacute;flexologie - Massage","description":"Vous \u00eates une femme unique. Je suis praticienne en sophrologie - relaxation et massage au f\u00e9minin. J'accompagne les femmes dans leur chemin de vie et suis sp\u00e9cialis\u00e9e en p\u00e9rinatalit\u00e9.","robots":{"index":"index","follow":"follow","max-snippet":"max-snippet:-1","max-image-preview":"max-image-preview:large","max-video-preview":"max-video-preview:-1"},"canonical":"https:\/\/harmoniris.fr\/?page_id=11","og_locale":"fr_FR","og_type":"article","og_title":"HARMONIRIS - Marjorie PICAULT - Relaxation - R&eacute;flexologie - Massage","og_description":"Vous \u00eates une femme unique. Je suis praticienne en sophrologie - relaxation et massage au f\u00e9minin. J'accompagne les femmes dans leur chemin de vie et suis sp\u00e9cialis\u00e9e en p\u00e9rinatalit\u00e9.","og_url":"https:\/\/harmoniris.fr\/?page_id=11","og_site_name":"HARMONIRIS - Marjorie PICAULT - Relaxation - R&eacute;flexologie - Massage","article_modified_time":"2025-10-22T13:10:36+00:00","og_image":[{"width":462,"height":361,"url":"https:\/\/harmoniris.fr\/wp-content\/uploads\/2023\/02\/Plume-verte.png","type":"image\/png"}],"twitter_card":"summary_large_image","twitter_misc":{"Dur\u00e9e de lecture estim\u00e9e":"2 minutes"},"schema":{"@context":"https:\/\/schema.org","@graph":[{"@type":"WebPage","@id":"https:\/\/harmoniris.fr\/?page_id=11","url":"https:\/\/harmoniris.fr\/?page_id=11","name":"HARMONIRIS - Marjorie PICAULT - Relaxation - R&eacute;flexologie - Massage","isPartOf":{"@id":"https:\/\/harmoniris.fr\/#website"},"primaryImageOfPage":{"@id":"https:\/\/harmoniris.fr\/?page_id=11#primaryimage"},"image":{"@id":"https:\/\/harmoniris.fr\/?page_id=11#primaryimage"},"thumbnailUrl":"https:\/\/harmoniris.fr\/wp-content\/uploads\/2023\/02\/Plume-verte.png","datePublished":"2022-10-14T18:51:43+00:00","dateModified":"2025-10-22T13:10:36+00:00","description":"Vous \u00eates une femme unique. Je suis praticienne en sophrologie - relaxation et massage au f\u00e9minin. J'accompagne les femmes dans leur chemin de vie et suis sp\u00e9cialis\u00e9e en p\u00e9rinatalit\u00e9.","breadcrumb":{"@id":"https:\/\/harmoniris.fr\/?page_id=11#breadcrumb"},"inLanguage":"fr-FR","potentialAction":[{"@type":"ReadAction","target":["https:\/\/harmoniris.fr\/?page_id=11"]}]},{"@type":"ImageObject","inLanguage":"fr-FR","@id":"https:\/\/harmoniris.fr\/?page_id=11#primaryimage","url":"https:\/\/harmoniris.fr\/wp-content\/uploads\/2023\/02\/Plume-verte.png","contentUrl":"https:\/\/harmoniris.fr\/wp-content\/uploads\/2023\/02\/Plume-verte.png","width":462,"height":361},{"@type":"BreadcrumbList","@id":"https:\/\/harmoniris.fr\/?page_id=11#breadcrumb","itemListElement":[{"@type":"ListItem","position":1,"name":"Accueil","item":"https:\/\/harmoniris.fr\/"},{"@type":"ListItem","position":2,"name":"Qui suis-je ?"}]},{"@type":"WebSite","@id":"https:\/\/harmoniris.fr\/#website","url":"https:\/\/harmoniris.fr\/","name":"HARMONIRIS - Marjorie PICAULT - Relaxation - R&eacute;flexologie - Massage","description":"Un soin pens&eacute; pour vous !","publisher":{"@id":"https:\/\/harmoniris.fr\/#organization"},"alternateName":"Marjorie PICAULT - HARMON'IRIS - Sophrologie","potentialAction":[{"@type":"SearchAction","target":{"@type":"EntryPoint","urlTemplate":"https:\/\/harmoniris.fr\/?s={search_term_string}"},"query-input":{"@type":"PropertyValueSpecification","valueRequired":true,"valueName":"search_term_string"}}],"inLanguage":"fr-FR"},{"@type":"Organization","@id":"https:\/\/harmoniris.fr\/#organization","name":"HARMONIRIS - Marjorie PICAULT - Relaxation - R&eacute;flexologie - Massage","alternateName":"Marjorie PICAULT - HARMON'IRIS - Sophrologie","url":"https:\/\/harmoniris.fr\/","logo":{"@type":"ImageObject","inLanguage":"fr-FR","@id":"https:\/\/harmoniris.fr\/#\/schema\/logo\/image\/","url":"https:\/\/harmoniris.fr\/wp-content\/uploads\/2022\/10\/cropped-cropped-cropped-cropped-Logo-H3V-1.png","contentUrl":"https:\/\/harmoniris.fr\/wp-content\/uploads\/2022\/10\/cropped-cropped-cropped-cropped-Logo-H3V-1.png","width":521,"height":215,"caption":"HARMONIRIS - Marjorie PICAULT - Relaxation - R&eacute;flexologie - Massage"},"image":{"@id":"https:\/\/harmoniris.fr\/#\/schema\/logo\/image\/"}}]}},"_links":{"self":[{"href":"https:\/\/harmoniris.fr\/index.php?rest_route=\/wp\/v2\/pages\/11","targetHints":{"allow":["GET"]}}],"collection":[{"href":"https:\/\/harmoniris.fr\/index.php?rest_route=\/wp\/v2\/pages"}],"about":[{"href":"https:\/\/harmoniris.fr\/index.php?rest_route=\/wp\/v2\/types\/page"}],"author":[{"embeddable":true,"href":"https:\/\/harmoniris.fr\/index.php?rest_route=\/wp\/v2\/users\/1"}],"replies":[{"embeddable":true,"href":"https:\/\/harmoniris.fr\/index.php?rest_route=%2Fwp%2Fv2%2Fcomments&post=11"}],"version-history":[{"count":240,"href":"https:\/\/harmoniris.fr\/index.php?rest_route=\/wp\/v2\/pages\/11\/revisions"}],"predecessor-version":[{"id":6249,"href":"https:\/\/harmoniris.fr\/index.php?rest_route=\/wp\/v2\/pages\/11\/revisions\/6249"}],"wp:attachment":[{"href":"https:\/\/harmoniris.fr\/index.php?rest_route=%2Fwp%2Fv2%2Fmedia&parent=11"}],"curies":[{"name":"wp","href":"https:\/\/api.w.org\/{rel}","templated":true}]}}